-p. Let r(j) = -6*j. Let s(h) = 12*g(h) - 3*r(h). Let q = 3 + -2. What is the units digit of s(q)?
6
Suppose -5*n = -4*b + 32, n = 5*b - b - 48. What is the units digit of b?
3
Suppose -4*m = -3 - 5. Suppose m*u - 16 = 30. What is the tens digit of u?
2
Let h be 2*(2 - (-1)/2). Let k(s) = s**2 - 3*s + 2. What is the tens digit of k(h)?
1
Suppose 5*r + 2*o = -2, 3*r - 3*o = -12 - 6. What is the units digit of 36/20*(r + 7)?
9
Suppose 0*d - 33 = -4*o + 5*d, o + 5*d + 23 = 0. Suppose 4*g + 83 = -5*k, -k - 3*g - 21 = -0*k. Let l = o - k. What is the units digit of l?
7
Suppose 2*n = 6*n - 8. Suppose 3*j - 39 = -n*g, 2*j + 2 + 8 = 0. What is the units digit of g?
7
Suppose 3*c = 5*c - 78. Suppose c + 61 = 4*k. What is the units digit of k?
5
Suppose 0 = -3*t + 99 - 24. What is the tens digit of t?
2
Suppose 4*b = 2*b + 2*z - 10, 0 = 3*b + 3*z + 3. Let k be b/(-2)*4/3. Suppose -k*p + 4 = 2. What is the units digit of p?
1
Suppose -2*v + g + 4 = -0*g, -5*g + 19 = 3*v. What is the units digit of v?
3
Let b be 26/10 + (-12)/(-30). Suppose -s + 2*s = b*q + 6, 2*q = 3*s - 25. What is the units digit of s?
9
Let a = 112 - 76. Suppose 0 = 2*g + g - a. What is the units digit of g?
2
Let l = 0 - 1. Suppose 3*h + 11 = 3*x - 8*x, -43 = 5*h - 4*x. What is the units digit of h*l/(1 - 0)?
7
Suppose -421 = 6*v + 29. What is the units digit of 24/(-9)*v/4?
0
Suppose 810 = 11*v - 6*v. What is the hundreds digit of v?
1
What is the units digit of (4/(-4))/((-2)/12)?
6
Suppose -7*h + 11*h - 8 = 0. What is the tens digit of h/7 + 440/28?
1
Suppose q + 6 = -0. Let k = 4 - q. What is the units digit of k?
0
Let x(r) = -3*r + 2*r + 6*r**2 + 0*r + 0*r**2. What is the units digit of x(1)?
5
Let y = 26 - 14. What is the units digit of y?
2
Let p(s) = s**3 - 7*s**2 + 3*s - 10. Let y be p(7). Let u(r) = 2*r - 9. Let z be u(y). Suppose 0 = i - 3*g - z, i + 5*g - 37 = -i. What is the tens digit of i?
1
Let i = 0 - -1. Suppose m - 18 = 4*t, 0 = -9*t + 4*t - 25. What is the units digit of i - (-24)/((-4)/m)?
3
Let j(x) = -2*x**3 - 2*x**2 + 2. Let o be j(-2). Suppose 3*w = o - 1. Suppose -r = -7 + w. What is the units digit of r?
4
Suppose -p + 0 - 1 = 0. Let d be -2 - -5 - (1 + p). Suppose 3*r = -5*w - 7, -4*w + w - d*r = 9. What is the units digit of w?
1
Let h(n) = -14*n**3 + n**2 + 3*n + 1. What is the tens digit of h(-1)?
1
Let i(u) = -2*u**2 + 2*u + 0 + 2 + u - u**3. Let k(f) = -4*f**2 - 2*f - 1. Let h be k(-1). What is the units digit of i(h)?
2
Let h(d) be the third derivative of -d**5/60 - 7*d**4/12 - 17*d**3/6 + d**2. What is the units digit of h(-12)?
7
Let v(c) = c + 20. What is the units digit of v(25)?
5
Let z(k) = -k - 4. Let d be z(-2). Let b = d + -2. What is the units digit of (3 + b)/(2/(-24))?
2
Let a = -9 - -18. Suppose -a = -3*z + 15. What is the units digit of z?
8
Let k(w) = 5*w + 3 - 2*w**2 + 0*w + 2*w**2 + w**2. Let u be -1 + 2/(-2)*4. What is the units digit of k(u)?
3
Suppose -4*v = -18 - 2. Let i = v + 18. What is the tens digit of i?
2
Suppose 1 = r + r - 3*t, 4*r = 4*t. Let z = 2 - r. What is the units digit of -22*z/(-6) - -1?
2
Let z(x) = x + 2. Let c be z(3). Suppose 30 = 2*y - c*l, l + 19 = 3*y - 0*l. What is the units digit of y?
5
Let p be (-5 + -29)/((-2)/8). Suppose -p = -4*z - 3*y, 6*y - 2*y - 16 = 0. What is the units digit of z?
1
Let b(c) = 2*c + 6. Let w be b(-11). What is the units digit of (99/44)/((-2)/w)?
8
Suppose 0 = 3*g - 5*g + 2*s + 110, 0 = -3*g + 2*s + 169. What is the units digit of g?
9
Suppose s - 136 = -3*s. Suppose 4 + 6 = 2*b. Suppose -b*k + 6 + s = 0. What is the units digit of k?
8
Let p be (2 + -8)/(9/(-6)). Suppose -5*c - v = -4*v - 35, 0 = -3*c - p*v - 8. What is the units digit of 18/(-12)*c*-1?
6
Let s(n) be the second derivative of -n**5/20 - n**4/12 + 2*n**3/3 + 3*n. What is the units digit of s(-3)?
6
Suppose -14*i = -5*i - 324. Suppose 0*h - h = s + 1, -2*h = -3*s + 22. Suppose 3*k - i = -c - 2*c, -s*k - 2*c = -50. What is the units digit of k?
3
Let h be 14/(-21) + 53/3. Suppose 7 - 25 = -3*q - 2*n, 4*q = -5*n + h. What is the units digit of q?
8
Suppose -5*t + 278 = 16*m - 18*m, t - 58 = m. What is the tens digit of t?
5
Suppose -r + i = -2, 5*i - 2*i = 2*r - 5. What is the units digit of r?
1
What is the tens digit of ((102/(-5))/(-3))/(1/60)?
0
Suppose 7*s - 143 = 305. What is the tens digit of s?
6
Let y = 21 + -13. What is the units digit of y?
8
Let r(o) = 7*o + 3. Let i(a) = -4*a - 1. Let b(w) = -5*i(w) - 3*r(w). What is the units digit of b(-7)?
3
Let w(a) = -a**2 - 11*a - 8. Let l(f) = f - 2. Let u be l(-5). Let q be w(u). Suppose 28 = 4*n - c - 0*c, 0 = -5*n + 5*c + q. What is the units digit of n?
8
Let q be 2/4 - (-391)/(-34). Let f = 13 + q. What is the units digit of f?
2
Let i(y) = y**2 - 6*y - 2. Let w(c) = 8*c**2 - c. Let x(n) = n - 6. Let f be x(7). Let u be w(f). What is the units digit of i(u)?
5
Let w(z) = z**3 + 2*z**2 - 2*z + 4. Let r be w(-3). Let x(p) = -2*p**2 - p - 4. Let d(a) = a + 1. Let v(s) = -3*d(s) - x(s). What is the units digit of v(r)?
1
Suppose 0 = 2*g - g + 69. Let x = -37 - g. What is the units digit of x?
2
Let x be 2/6 - (-1)/(-3). What is the units digit of (-1 + x)*-1 + 1?
2
Suppose 5*c - 6*c = -27. Let o = 7 + c. Let j = o + -23. What is the tens digit of j?
1
Suppose -r = 0, -3*r = -2*l - 2*l + 36. What is the tens digit of l - 2*1/(-2)?
1
Suppose 16 = 4*o - 4. Suppose o*t - 6 = 2*t. What is the units digit of t?
2
Suppose 22*k = 26*k - 1056. What is the hundreds digit of k?
2
Let o be 8/28 - (-822)/14. Suppose 0 = 5*k + 24 - o. What is the units digit of k?
7
Let v(z) = -z**2 + 2*z**3 + 1 + 2*z**3 - 5*z**3. What is the units digit of v(0)?
1
Let i(o) = -o - 3. Let m be i(-5). Suppose m*q - 12 = -3*p + 7, 3*p + 4*q - 11 = 0. Suppose 0 = 3*y - p - 24. What is the tens digit of y?
1
Let y(a) = a**3 - 5*a**2 - 4*a + 3. Let d be y(6). Suppose 0*p + 3*p = d. What is the units digit of p?
5
What is the units digit of -3*3*(-6 - -5) + -3?
6
Suppose 3*c - 4 = 2. What is the units digit of ((-2)/4)/(c/(-44))?
1
Suppose 0 = 6*a - 4*a. Suppose i = -5*u - 55 + 162, a = i - 2. What is the units digit of u?
1
Let y(h) = -h - 9. Let p(i) = i + 11 + 0*i + 7. Let n(d) = -3*p(d) - 5*y(d). What is the units digit of n(9)?
9
Suppose -2*p + 2*j = 48, -4*p - 138 + 44 = -3*j. Let x = -59 - -46. Let b = x - p. What is the units digit of b?
9
Let z = 7 - 7. Suppose z = -6*m + 3*m + 54. What is the units digit of m?
8
Let y = -16 + 10. Let b(a) = -8*a - 3. Let m be b(y). What is the units digit of 10/m + 104/18?
6
What is the tens digit of (88/33)/(3/72)?
6
What is the tens digit of -14 + 56 + 4 + 0?
4
Suppose 3*s - 109 = -r, r - 3*r + 2*s = -202. What is the units digit of (-2)/6 - r/(-3)?
4
Let r = -1 - -1. Suppose r*a - 3*a = 0. Suppose a*q - q = -6. What is the units digit of q?
6
What is the tens digit of 9/6*(-512)/(-12)?
6
Suppose 0 = -j + 18 + 24. Suppose 3*t = -0*t + j. What is the tens digit of t?
1
Let b(o) be the first derivative of o**4/4 + o**2/2 + o - 2. Let q be b(-2). Let g = 18 + q. What is the units digit of g?
9
Suppose 0 = -7*h + 3*h - 5*k + 337, -2*h + k + 151 = 0. What is the units digit of h?
8
Let x be (-3 + 0)/((-12)/(-8)). Let l(g) = -7*g - g - 1 + 2*g. What is the units digit of l(x)?
1
What is the units digit of ((-10)/(-3))/((-2)/(-21))?
5
Suppose 0 = 4*o + o - 5. Suppose 2*l - o = 5. Suppose -3 = -6*v + l*v. What is the units digit of v?
1
Let y(x) = x**3 - 1. Let r(c) = -3*c**3 + 5*c**2 - 6*c + 11. Let l(j) = r(j) + 4*y(j). What is the units digit of l(-6)?
7
Suppose 0 = 5*p - 4*c - 2, p - 3*p = 5*c - 14. Suppose -52 = 2*a + p*a. Let m = -2 - a. What is the units digit of m?
1
Suppose 3*t - 480 + 66 = 0. What is the hundreds digit of t?
1
Let v(q) = -q**3 + 6*q**2 + 4*q - 7. Let z be v(6). Suppose 2*x - 11 = z. Suppose -2*t + x = 2. What is the units digit of t?
6
Suppose 6*o = 3*o - 3*q + 645, -3*q = -o + 195. What is the tens digit of o?
1
Suppose m + 4 = 3*m. Suppose 0*o - 18 = -m*o. Let b = -6 + o. What is the units digit of b?
3
Let u = 19 + -23. Let c(p) = p**2 - p - 2. What is the tens digit of c(u)?
1
Let p be (-3 + 16/6)*-3. Let b(t) = -5*t. Let y be b(p). Let o(x) = -x**3 - 3*x**2 + 8*x + 7. What is the tens digit of o(y)?
1
Let q = 14 - 9. Let 